{"id":11828,"date":"2021-12-19T00:56:44","date_gmt":"2022-01-07T03:14:18","guid":{"rendered":"https:\/\/elsihair.com\/?product=schwarze-lose-wellenfoermige-bandeau-peruecke-100-reines-echthaar"},"modified":"2022-01-07T04:14:18","modified_gmt":"2022-01-07T03:14:18","slug":"perucke-stirnband-lose-welle-schwarz-100-jungfrau-echthaar","status":"publish","type":"product","link":"https:\/\/kenblihair.com\/?product=perucke-stirnband-lose-welle-schwarz-100-jungfrau-echthaar","title":{"rendered":"Schwarze lose wellenf\u00f6rmige Bandeau-Per\u00fccke 100% reines Echthaar"},"content":{"rendered":"<p>Schwarze lose wellenf\u00f6rmige Bandeau-Per\u00fccke 100% reines Echthaar<\/p>\n","protected":false},"excerpt":{"rendered":"<p>Schwarze lose wellenf\u00f6rmige Bandeau-Per\u00fccke 100% reines Echthaar<\/p>\n","protected":false},"featured_media":10352,"comment_status":"open","ping_status":"closed","template":"","meta":{"spay_email":""},"product_cat":[184],"product_tag":[334],"class_list":{"0":"post-11828","1":"product","2":"type-product","3":"status-publish","4":"has-post-thumbnail","6":"product_cat-perucken","7":"product_tag-perucke-stirnband","8":"latest_post","10":"first","11":"instock","12":"sale","13":"taxable","14":"shipping-taxable","15":"purchasable","16":"product-type-variable","17":"has-default-attributes"},"jetpack-related-posts":[{"id":11944,"url":"https:\/\/kenblihair.com\/?product=perucke-bandeau-body-wave-schwarz-100-jungfrau-echthaar","url_meta":{"origin":11828,"position":0},"title":"Schwarze Body Wave Bandeau Per\u00fccke 100 % reines Echthaar","date":"18 December 2021","format":false,"excerpt":"Schwarze Body Wave Bandeau Per\u00fccke 100 % reines Echthaar","rel":"","context":"Similar post","img":{"alt_text":"","src":"https:\/\/i1.wp.com\/kenblihair.com\/wp-content\/uploads\/2021\/12\/SWIPE-UP-1-Perruque-Bandeau-Body-Wave-Noire-100-Virgin-Human-Hair.jpeg?fit=1004%2C1004&ssl=1&resize=350%2C200","width":350,"height":200},"classes":[]},{"id":5426,"url":"https:\/\/kenblihair.com\/?product=perucke-stirnband-deep-wave-schwarz-100-jungfrau-echthaar","url_meta":{"origin":11828,"position":1},"title":"100% reines Echthaar Schwarz Deep Wave Bandeau Per\u00fccke","date":"18 December 2021","format":false,"excerpt":"100% reines Echthaar Schwarz Deep Wave Bandeau Per\u00fccke","rel":"","context":"Similar post","img":{"alt_text":"","src":"https:\/\/i2.wp.com\/kenblihair.com\/wp-content\/uploads\/2021\/12\/SWIPE-UP-1.-Perruque-Bandeau-Deep-Wave-Noire-100-Virgin-Human-Hair.jpeg?fit=998%2C998&ssl=1&resize=350%2C200","width":350,"height":200},"classes":[]},{"id":11932,"url":"https:\/\/kenblihair.com\/?product=perucke-stirnband-schwarz-kinky-curl-100-jungfrau-echthaar","url_meta":{"origin":11828,"position":2},"title":"Kinky Curl Schwarze Bandeau-Per\u00fccke 100% reines Echthaar","date":"18 December 2021","format":false,"excerpt":"Kinky Curl Schwarze Bandeau-Per\u00fccke 100% reines Echthaar","rel":"","context":"Similar post","img":{"alt_text":"","src":"https:\/\/i1.wp.com\/kenblihair.com\/wp-content\/uploads\/2021\/12\/SWIPE-UP-2-Perruque-Bandeau-Noire-Kinky-Curl-100-Virgin-Human-Hair.jpeg?fit=1003%2C1003&ssl=1&resize=350%2C200","width":350,"height":200},"classes":[]},{"id":11884,"url":"https:\/\/kenblihair.com\/?product=perucke-stirnband-kinky-gerade-schwarz-100-jungfrau-echthaar","url_meta":{"origin":11828,"position":3},"title":"Kinky Straight Black Bandeau Per\u00fccke 100% reines Echthaar","date":"18 December 2021","format":false,"excerpt":"Kinky Straight Black Bandeau Per\u00fccke 100% reines Echthaar","rel":"","context":"Similar post","img":{"alt_text":"","src":"https:\/\/i0.wp.com\/kenblihair.com\/wp-content\/uploads\/2021\/12\/SWIPE-UP-1-Perruque-Bandeau-Kinky-Straight-Noire-100-Virgin-Human-Hair.jpeg?fit=995%2C995&ssl=1&resize=350%2C200","width":350,"height":200},"classes":[]},{"id":11848,"url":"https:\/\/kenblihair.com\/?product=100-virgin-echthaar-schwarz-wasser-welle-stirnband-perucke-100-virgin-echthaar","url_meta":{"origin":11828,"position":4},"title":"Black Water Wave Bandeau Per\u00fccke 100% reines Echthaar","date":"18 December 2021","format":false,"excerpt":"Black Water Wave Bandeau Per\u00fccke 100% reines Echthaar","rel":"","context":"Similar post","img":{"alt_text":"","src":"https:\/\/i1.wp.com\/kenblihair.com\/wp-content\/uploads\/2021\/12\/SWIPE-UP-1-Perruque-Bandeau-Water-Wave-Noire-100-Virgin-Human-Hair.jpeg?fit=1008%2C1008&ssl=1&resize=350%2C200","width":350,"height":200},"classes":[]},{"id":11727,"url":"https:\/\/kenblihair.com\/?product=100-jungfrau-echthaar-gerade-schwarze-band-perucke-100-jungfrau-echthaar","url_meta":{"origin":11828,"position":5},"title":"100% reines Echthaar Glattes Schwarzes Stirnband Per\u00fccke","date":"3 January 2022","format":false,"excerpt":"100% reines Echthaar Glattes Schwarzes Stirnband Per\u00fccke","rel":"","context":"Similar post","img":{"alt_text":"","src":"https:\/\/i1.wp.com\/kenblihair.com\/wp-content\/uploads\/2022\/01\/Perruque-Bandeau-noire-Lisse-100-Virgin-Human-Hair.jpeg?fit=1200%2C1187&ssl=1&resize=350%2C200","width":350,"height":200},"classes":[]}],"_links":{"self":[{"href":"https:\/\/kenblihair.com\/index.php?rest_route=\/wp\/v2\/product\/11828","targetHints":{"allow":["GET"]}}],"collection":[{"href":"https:\/\/kenblihair.com\/index.php?rest_route=\/wp\/v2\/product"}],"about":[{"href":"https:\/\/kenblihair.com\/index.php?rest_route=\/wp\/v2\/types\/product"}],"replies":[{"embeddable":true,"href":"https:\/\/kenblihair.com\/index.php?rest_route=%2Fwp%2Fv2%2Fcomments&post=11828"}],"wp:featuredmedia":[{"embeddable":true,"href":"https:\/\/kenblihair.com\/index.php?rest_route=\/wp\/v2\/media\/10352"}],"wp:attachment":[{"href":"https:\/\/kenblihair.com\/index.php?rest_route=%2Fwp%2Fv2%2Fmedia&parent=11828"}],"wp:term":[{"taxonomy":"product_cat","embeddable":true,"href":"https:\/\/kenblihair.com\/index.php?rest_route=%2Fwp%2Fv2%2Fproduct_cat&post=11828"},{"taxonomy":"product_tag","embeddable":true,"href":"https:\/\/kenblihair.com\/index.php?rest_route=%2Fwp%2Fv2%2Fproduct_tag&post=11828"}],"curies":[{"name":"wp","href":"https:\/\/api.w.org\/{rel}","templated":true}]}}