{"id":2182,"date":"2021-12-05T23:19:02","date_gmt":"2021-12-13T12:37:32","guid":{"rendered":"https:\/\/elsihair.com\/?product=lace-frontal-hd-13x4-kinky-curly-schwarz"},"modified":"2021-12-20T13:33:49","modified_gmt":"2021-12-20T12:33:49","slug":"spitze-frontal-hd-13x4-kinky-curly-schwarz","status":"publish","type":"product","link":"https:\/\/kenblihair.com\/?product=spitze-frontal-hd-13x4-kinky-curly-schwarz","title":{"rendered":"Lace Frontal HD 13&#215;4 Kinky Curly Schwarz"},"content":{"rendered":"<p>LACE FRONTAL KINKY CURLY:, Das Lace Frontal besteht aus 100% Echthaar, das es erm\u00f6glicht, das Weben durch Nachahmen der Kopfhaut zu schlie\u00dfen<\/p>\n","protected":false},"excerpt":{"rendered":"<p>LACE FRONTAL KINKY CURLY:, Das Lace Frontal besteht aus 100% Echthaar, das es erm\u00f6glicht, das Weben durch Nachahmen der Kopfhaut zu schlie\u00dfen<\/p>\n","protected":false},"featured_media":10682,"comment_status":"open","ping_status":"closed","template":"","meta":{"spay_email":""},"product_cat":[176],"product_tag":[178],"class_list":{"0":"post-2182","1":"product","2":"type-product","3":"status-publish","4":"has-post-thumbnail","6":"product_cat-spitze-frontal","7":"product_tag-spitze-frontal","8":"latest_post","10":"first","11":"instock","12":"sale","13":"taxable","14":"shipping-taxable","15":"purchasable","16":"product-type-variable","17":"has-default-attributes"},"jetpack-related-posts":[{"id":2225,"url":"https:\/\/kenblihair.com\/?product=lace-frontal-hd-13x4-kinky-curly-black","url_meta":{"origin":2182,"position":0},"title":"Lace Frontal HD 13&#215;4 Kinky Curly Black","date":"5 December 2021","format":false,"excerpt":"LACE FRONTAL KINKY CURLY :, The Lace Frontal is made of 100% human hair that allows to close the weaving by imitating the scalp","rel":"","context":"Similar post","img":{"alt_text":"","src":"https:\/\/i0.wp.com\/kenblihair.com\/wp-content\/uploads\/2021\/12\/SWIPE-UP-4.-Lace-Frontal-HD-13\u00d74-Kinky-Curly-Noire.jpeg?fit=1024%2C1001&ssl=1&resize=350%2C200","width":350,"height":200},"classes":[]},{"id":7758,"url":"https:\/\/kenblihair.com\/?product=perruque-noire-kinky-curly-avec-lace-frontal-hd-13x4-100-virgin-human-hair-2-2","url_meta":{"origin":2182,"position":1},"title":"Schwarze Kinky Curly Per\u00fccke mit Lace Front HD 13&#215;4 100% reines Echthaar","date":"18 December 2021","format":false,"excerpt":"Schwarze Kinky Curly Per\u00fccke mit Lace Front HD 13x4 100% reines Echthaar","rel":"","context":"Similar post","img":{"alt_text":"","src":"https:\/\/i1.wp.com\/kenblihair.com\/wp-content\/uploads\/2021\/12\/SWPE-UP-1-Perruque-Noire-Kinky-Curly-avec-Lace-Frontal-HD-13\u00d74-100-Virgin-Human-Hair-1.jpeg?fit=1011%2C1011&ssl=1&resize=350%2C200","width":350,"height":200},"classes":[]},{"id":5456,"url":"https:\/\/kenblihair.com\/?product=perucke-highlight-kinky-curly-mit-spitze-frontal-hd-13x4-100-jungfrau-echthaar","url_meta":{"origin":2182,"position":2},"title":"Highlight Kinky Curly Per\u00fccke mit Lace Front HD 13&#215;4 100% reines Echthaar","date":"18 December 2021","format":false,"excerpt":"Highlight Kinky Curly Per\u00fccke mit Lace Front HD 13x4 100% reines Echthaar","rel":"","context":"Similar post","img":{"alt_text":"","src":"https:\/\/i2.wp.com\/kenblihair.com\/wp-content\/uploads\/2021\/12\/SWIPE-UP-1.-Perruque-Highlight-Kinky-Curly-avec-Lace-Frontal-HD-13\u00d74-100-Virgin-Human-Hair.jpeg?fit=1009%2C1009&ssl=1&resize=350%2C200","width":350,"height":200},"classes":[]},{"id":4096,"url":"https:\/\/kenblihair.com\/?product=bob-perucke-kinky-curly-schwarz-perucke-mit-spitze-frontal-hd-13x4-100-virgin-echthaar","url_meta":{"origin":2182,"position":3},"title":"Bob Per\u00fccke Kinky Curly Black Per\u00fccke mit Lace Front HD 13&#215;4 100% reines Echthaar","date":"16 December 2021","format":false,"excerpt":"Bob Per\u00fccke Kinky Curly Black Per\u00fccke mit Lace Front HD 13x4 100% reines Echthaar","rel":"","context":"Similar post","img":{"alt_text":"","src":"https:\/\/i2.wp.com\/kenblihair.com\/wp-content\/uploads\/2021\/12\/SWIPE-UP-1.-Perruque-Bob-Wig-Kinky-Curly-Noire-avec-Lace-Frontal-HD-13\u00d74-100-Virgin-Human-Hair.jpeg?fit=999%2C999&ssl=1&resize=350%2C200","width":350,"height":200},"classes":[]},{"id":5450,"url":"https:\/\/kenblihair.com\/?product=perruque-highlight-kinky-curly-avec-lace-frontal-hd-13x4-100-virgin-human-hair","url_meta":{"origin":2182,"position":4},"title":"Perruque Highlight Kinky Curly avec Lace Frontal HD 13&#215;4 100% Virgin Human Hair","date":"18 December 2021","format":false,"excerpt":"Perruque Highlight Kinky Curly avec Lace Frontal HD 13x4 100% Virgin Human Hair","rel":"","context":"Similar post","img":{"alt_text":"","src":"https:\/\/i2.wp.com\/kenblihair.com\/wp-content\/uploads\/2021\/12\/SWIPE-UP-1.-Perruque-Highlight-Kinky-Curly-avec-Lace-Frontal-HD-13\u00d74-100-Virgin-Human-Hair.jpeg?fit=1009%2C1009&ssl=1&resize=350%2C200","width":350,"height":200},"classes":[]},{"id":5587,"url":"https:\/\/kenblihair.com\/?product=perruque-noire-kinky-curly-avec-lace-frontal-hd-13x4-100-virgin-human-hair-2","url_meta":{"origin":2182,"position":5},"title":"Perruque Noire Kinky Curly avec Lace Frontal HD 13&#215;4 100% Virgin Human Hair","date":"18 December 2021","format":false,"excerpt":"Perruque Noire Kinky Curly avec Lace Frontal HD 13x4 100% Virgin Human Hair","rel":"","context":"Similar post","img":{"alt_text":"","src":"https:\/\/i1.wp.com\/kenblihair.com\/wp-content\/uploads\/2021\/12\/SWPE-UP-1-Perruque-Noire-Kinky-Curly-avec-Lace-Frontal-HD-13\u00d74-100-Virgin-Human-Hair-1.jpeg?fit=1011%2C1011&ssl=1&resize=350%2C200","width":350,"height":200},"classes":[]}],"_links":{"self":[{"href":"https:\/\/kenblihair.com\/index.php?rest_route=\/wp\/v2\/product\/2182","targetHints":{"allow":["GET"]}}],"collection":[{"href":"https:\/\/kenblihair.com\/index.php?rest_route=\/wp\/v2\/product"}],"about":[{"href":"https:\/\/kenblihair.com\/index.php?rest_route=\/wp\/v2\/types\/product"}],"replies":[{"embeddable":true,"href":"https:\/\/kenblihair.com\/index.php?rest_route=%2Fwp%2Fv2%2Fcomments&post=2182"}],"wp:featuredmedia":[{"embeddable":true,"href":"https:\/\/kenblihair.com\/index.php?rest_route=\/wp\/v2\/media\/10682"}],"wp:attachment":[{"href":"https:\/\/kenblihair.com\/index.php?rest_route=%2Fwp%2Fv2%2Fmedia&parent=2182"}],"wp:term":[{"taxonomy":"product_cat","embeddable":true,"href":"https:\/\/kenblihair.com\/index.php?rest_route=%2Fwp%2Fv2%2Fproduct_cat&post=2182"},{"taxonomy":"product_tag","embeddable":true,"href":"https:\/\/kenblihair.com\/index.php?rest_route=%2Fwp%2Fv2%2Fproduct_tag&post=2182"}],"curies":[{"name":"wp","href":"https:\/\/api.w.org\/{rel}","templated":true}]}}