{"id":2258,"date":"2021-11-30T11:33:27","date_gmt":"2021-12-13T12:37:43","guid":{"rendered":"https:\/\/elsihair.com\/?product=verschluss-hd-5x5-deep-wave-schwarz"},"modified":"2021-12-13T13:37:43","modified_gmt":"2021-12-13T12:37:43","slug":"verschluss-hd-5x5-deep-wave-schwarz","status":"publish","type":"product","link":"https:\/\/kenblihair.com\/?product=verschluss-hd-5x5-deep-wave-schwarz","title":{"rendered":"Verschluss HD 5&#215;5 Deep Wave Schwarz"},"content":{"rendered":"<p>Verschluss HD 5&#215;5 Deep Wave Schwarz<\/p>\n","protected":false},"excerpt":{"rendered":"<p>Verschluss HD 5&#215;5 Deep Wave Schwarz<\/p>\n","protected":false},"featured_media":10882,"comment_status":"open","ping_status":"closed","template":"","meta":{"spay_email":""},"product_cat":[356],"product_tag":[189],"class_list":{"0":"post-2258","1":"product","2":"type-product","3":"status-publish","4":"has-post-thumbnail","6":"product_cat-verschlusse","7":"product_tag-12-zoll","8":"latest_post","10":"first","11":"instock","12":"sale","13":"taxable","14":"shipping-taxable","15":"purchasable","16":"product-type-variable","17":"has-default-attributes"},"jetpack-related-posts":[{"id":7088,"url":"https:\/\/kenblihair.com\/?product=bob-perucke-deep-wave-schwarz-perucke-mit-verschluss-hd-5x5-100-virgin-echthaar","url_meta":{"origin":2258,"position":0},"title":"Bob Per\u00fccke Deep Wave Schwarze Per\u00fccke mit HD-Verschluss 5&#215;5 100% reines Echthaar","date":"18 December 2021","format":false,"excerpt":"Bob Per\u00fccke Deep Wave Schwarze Per\u00fccke mit HD-Verschluss 5x5 100% reines Echthaar","rel":"","context":"Similar post","img":{"alt_text":"","src":"https:\/\/i0.wp.com\/kenblihair.com\/wp-content\/uploads\/2021\/12\/SWIPE-UP-1.-Perruque-Deep-Wave-Noire-avec-Closure-HD-5\u00d75-100-Virgin-Human-Hair.jpeg?fit=1024%2C1017&ssl=1&resize=350%2C200","width":350,"height":200},"classes":[]},{"id":2572,"url":"https:\/\/kenblihair.com\/?product=verschluss-hd-5x5-wasserwelle-schwarz","url_meta":{"origin":2258,"position":1},"title":"Verschluss HD 5&#215;5 Water Wave Schwarz","date":"2 December 2021","format":false,"excerpt":"Verschluss HD 5x5 Water Wave Schwarz","rel":"","context":"Similar post","img":{"alt_text":"","src":"https:\/\/i0.wp.com\/kenblihair.com\/wp-content\/uploads\/2021\/12\/SWIPE-UP-1.-Closure-HD-5\u00d75-Water-Wave-Noire.jpeg?fit=1024%2C1004&ssl=1&resize=350%2C200","width":350,"height":200},"classes":[]},{"id":2856,"url":"https:\/\/kenblihair.com\/?product=verschluss-hd-5x5-body-wave-schwarz","url_meta":{"origin":2258,"position":2},"title":"Verschluss HD 5&#215;5 Body Wave Schwarz","date":"30 November 2021","format":false,"excerpt":"Verschluss HD 5x5 Body Wave Schwarz","rel":"","context":"Similar post","img":{"alt_text":"","src":"https:\/\/i0.wp.com\/kenblihair.com\/wp-content\/uploads\/2021\/11\/Closure-HD-5\u00d75-Body-Wave-Noire.jpeg?fit=1024%2C1001&ssl=1&resize=350%2C200","width":350,"height":200},"classes":[]},{"id":6907,"url":"https:\/\/kenblihair.com\/?product=bob-perucke-body-wave-schwarz-perucke-mit-verschluss-hd-5x5-100-virgin-echthaar","url_meta":{"origin":2258,"position":3},"title":"Bob Per\u00fccke Body Wave Schwarze Per\u00fccke mit HD 5&#215;5 Verschluss 100% reines Echthaar","date":"19 December 2021","format":false,"excerpt":"Bob Per\u00fccke Body Wave Schwarze Per\u00fccke mit HD 5x5 Verschluss 100% reines Echthaar","rel":"","context":"Similar post","img":{"alt_text":"","src":"https:\/\/i0.wp.com\/kenblihair.com\/wp-content\/uploads\/2021\/12\/SWIPE-UP-2-Perruque-Body-Wave-Noire-avec-Closure-HD-5\u00d75-100-Virgin-Human-Hair.jpeg?fit=1012%2C1012&ssl=1&resize=350%2C200","width":350,"height":200},"classes":[]},{"id":4003,"url":"https:\/\/kenblihair.com\/?product=schwarz-wasserwelle-bob-perucke-mit-verschluss-hd-5x5-100-jungfrau-echthaar","url_meta":{"origin":2258,"position":4},"title":"Bob Per\u00fccke Water Wave Schwarze Per\u00fccke mit Verschluss HD 5&#215;5 100% reines Echthaar","date":"16 December 2021","format":false,"excerpt":"Bob Per\u00fccke Water Wave Schwarze Per\u00fccke mit Verschluss HD 5x5 100% reines Echthaar","rel":"","context":"Similar post","img":{"alt_text":"","src":"https:\/\/i2.wp.com\/kenblihair.com\/wp-content\/uploads\/2021\/12\/SWIPE-UP-1.-Perruque-Bob-Wig-Water-Wave-Noire-avec-Closure-HD-5\u00d75-100-Virgin-Human-Hair.jpeg?fit=1004%2C1004&ssl=1&resize=350%2C200","width":350,"height":200},"classes":[]},{"id":5382,"url":"https:\/\/kenblihair.com\/?product=schwarz-wasserwellen-perucke-mit-verschluss-hd-5x5-100-jungfrau-echthaar","url_meta":{"origin":2258,"position":5},"title":"Schwarze Wasserwellenper\u00fccke mit HD 5&#215;5 Verschluss 100 % reines Echthaar","date":"18 December 2021","format":false,"excerpt":"Schwarze Wasserwellenper\u00fccke mit HD 5x5 Verschluss 100 % reines Echthaar","rel":"","context":"Similar post","img":{"alt_text":"","src":"https:\/\/i1.wp.com\/kenblihair.com\/wp-content\/uploads\/2021\/12\/SWIPE-UP-1-Perruque-Noire-Water-Wave-avec-Closure-HD-5\u00d75-100-Virgin-Human-Hair.jpeg?fit=979%2C979&ssl=1&resize=350%2C200","width":350,"height":200},"classes":[]}],"_links":{"self":[{"href":"https:\/\/kenblihair.com\/index.php?rest_route=\/wp\/v2\/product\/2258","targetHints":{"allow":["GET"]}}],"collection":[{"href":"https:\/\/kenblihair.com\/index.php?rest_route=\/wp\/v2\/product"}],"about":[{"href":"https:\/\/kenblihair.com\/index.php?rest_route=\/wp\/v2\/types\/product"}],"replies":[{"embeddable":true,"href":"https:\/\/kenblihair.com\/index.php?rest_route=%2Fwp%2Fv2%2Fcomments&post=2258"}],"wp:featuredmedia":[{"embeddable":true,"href":"https:\/\/kenblihair.com\/index.php?rest_route=\/wp\/v2\/media\/10882"}],"wp:attachment":[{"href":"https:\/\/kenblihair.com\/index.php?rest_route=%2Fwp%2Fv2%2Fmedia&parent=2258"}],"wp:term":[{"taxonomy":"product_cat","embeddable":true,"href":"https:\/\/kenblihair.com\/index.php?rest_route=%2Fwp%2Fv2%2Fproduct_cat&post=2258"},{"taxonomy":"product_tag","embeddable":true,"href":"https:\/\/kenblihair.com\/index.php?rest_route=%2Fwp%2Fv2%2Fproduct_tag&post=2258"}],"curies":[{"name":"wp","href":"https:\/\/api.w.org\/{rel}","templated":true}]}}