{"id":2829,"date":"2021-11-30T11:43:16","date_gmt":"2021-12-13T12:41:22","guid":{"rendered":"https:\/\/elsihair.com\/?product=verschluss-hd-5x5-kinky-curly-schwarz"},"modified":"2021-12-13T13:44:49","modified_gmt":"2021-12-13T12:44:49","slug":"verschluss-hd-5x5-kinky-curly-schwarz","status":"publish","type":"product","link":"https:\/\/kenblihair.com\/?product=verschluss-hd-5x5-kinky-curly-schwarz","title":{"rendered":"Verschluss HD 5&#215;5 Kinky Curly Schwarz"},"content":{"rendered":"","protected":false},"excerpt":{"rendered":"","protected":false},"featured_media":10867,"comment_status":"open","ping_status":"closed","template":"","meta":{"spay_email":""},"product_cat":[356],"product_tag":[198],"class_list":{"0":"post-2829","1":"product","2":"type-product","3":"status-publish","4":"has-post-thumbnail","6":"product_cat-verschlusse","7":"product_tag-schliesung","8":"latest_post","10":"first","11":"instock","12":"sale","13":"taxable","14":"shipping-taxable","15":"purchasable","16":"product-type-variable","17":"has-default-attributes"},"jetpack-related-posts":[{"id":3065,"url":"https:\/\/kenblihair.com\/?product=bob-peruecke-kinky-curly-schwarze-peruecke-mit-pony-100-virgin-echthaar","url_meta":{"origin":2829,"position":0},"title":"Bob Per\u00fccke Kinky Curly Schwarze Per\u00fccke mit HD-Verschluss 5 \u00d7 5 100% reines Echthaar","date":"9 December 2021","format":false,"excerpt":"Bob Per\u00fccke Kinky Curly Schwarze Per\u00fccke mit HD-Verschluss 5 \u00d7 5 100% reines Echthaar","rel":"","context":"Similar post","img":{"alt_text":"","src":"https:\/\/i2.wp.com\/kenblihair.com\/wp-content\/uploads\/2021\/12\/SWIPE-UP-1.-Perruque-Bob-Wig-Kinky-Curly-Noire-avec-Closure-HD-5\u00d75-100-Virgin-Human-Hair.jpeg?fit=993%2C993&ssl=1&resize=350%2C200","width":350,"height":200},"classes":[]},{"id":5421,"url":"https:\/\/kenblihair.com\/?product=schwarz-kinky-gerade-perucke-mit-verschluss-hd-5x5-100-jungfrau-echthaar","url_meta":{"origin":2829,"position":1},"title":"Schwarze Kinky Straight Per\u00fccke mit HD 5&#215;5 Verschluss 100 % reines Echthaar","date":"18 December 2021","format":false,"excerpt":"Schwarze Kinky Straight Per\u00fccke mit HD 5x5 Verschluss 100 % reines Echthaar","rel":"","context":"Similar post","img":{"alt_text":"","src":"https:\/\/i0.wp.com\/kenblihair.com\/wp-content\/uploads\/2021\/12\/SWIPE-UP-1-Perruque-Noire-Kinky-Straight-avec-Closure-HD-5\u00d75-100-Virgin-Human-Hair.jpeg?fit=1004%2C1004&ssl=1&resize=350%2C200","width":350,"height":200},"classes":[]},{"id":3833,"url":"https:\/\/kenblihair.com\/?product=perucke-99j-kinky-curly-mit-verschluss-hd-5x5-100-jungfrau-echthaar","url_meta":{"origin":2829,"position":2},"title":"Per\u00fccke 99j Kinky Curly mit Verschluss HD 5&#215;5 100% reines Echthaar","date":"15 December 2021","format":false,"excerpt":"Per\u00fccke 99j Kinky Curly mit Verschluss HD 5x5 100% reines Echthaar","rel":"","context":"Similar post","img":{"alt_text":"","src":"https:\/\/i0.wp.com\/kenblihair.com\/wp-content\/uploads\/2021\/12\/SWIPE-UP-1.-Perruque-99j-Kinky-Curly-avec-Closure-HD-5\u00d75-100-Virgin-Human-Hair.jpeg?fit=995%2C995&ssl=1&resize=350%2C200","width":350,"height":200},"classes":[]},{"id":5414,"url":"https:\/\/kenblihair.com\/?product=schwarze-kinky-locke-perucke-mit-verschluss-hd-5x5-100-jungfrau-echthaar","url_meta":{"origin":2829,"position":3},"title":"Verworrene lockige schwarze Per\u00fccke mit HD 5&#215;5 Verschluss 100 % reines Echthaar","date":"18 December 2021","format":false,"excerpt":"Verworrene lockige schwarze Per\u00fccke mit HD 5x5 Verschluss 100 % reines Echthaar","rel":"","context":"Similar post","img":{"alt_text":"","src":"https:\/\/i2.wp.com\/kenblihair.com\/wp-content\/uploads\/2021\/12\/SWIPE-UP-1.-Perruque-Noire-Kinky-Curly-avec-Closure-HD-5\u00d75-100-Virgin-Human-Hair.jpeg?fit=998%2C998&ssl=1&resize=350%2C200","width":350,"height":200},"classes":[]},{"id":5369,"url":"https:\/\/kenblihair.com\/?product=schwarze-kinky-locke-perucke-mit-verschluss-4x4-100-jungfrau-echthaar","url_meta":{"origin":2829,"position":4},"title":"Schwarze Kinky Curly Per\u00fccke mit 4&#215;4 Verschluss 100 % reines Echthaar","date":"18 December 2021","format":false,"excerpt":"Schwarze Kinky Curly Per\u00fccke mit 4x4 Verschluss 100 % reines Echthaar","rel":"","context":"Similar post","img":{"alt_text":"","src":"https:\/\/i0.wp.com\/kenblihair.com\/wp-content\/uploads\/2021\/12\/Perruque-Noire-Kinky-Curly-avec-Closure-4\u00d74-100-Virgin-Human-Hair.jpeg?fit=768%2C768&ssl=1&resize=350%2C200","width":350,"height":200},"classes":[]},{"id":2572,"url":"https:\/\/kenblihair.com\/?product=verschluss-hd-5x5-wasserwelle-schwarz","url_meta":{"origin":2829,"position":5},"title":"Verschluss HD 5&#215;5 Water Wave Schwarz","date":"2 December 2021","format":false,"excerpt":"Verschluss HD 5x5 Water Wave Schwarz","rel":"","context":"Similar post","img":{"alt_text":"","src":"https:\/\/i0.wp.com\/kenblihair.com\/wp-content\/uploads\/2021\/12\/SWIPE-UP-1.-Closure-HD-5\u00d75-Water-Wave-Noire.jpeg?fit=1024%2C1004&ssl=1&resize=350%2C200","width":350,"height":200},"classes":[]}],"_links":{"self":[{"href":"https:\/\/kenblihair.com\/index.php?rest_route=\/wp\/v2\/product\/2829","targetHints":{"allow":["GET"]}}],"collection":[{"href":"https:\/\/kenblihair.com\/index.php?rest_route=\/wp\/v2\/product"}],"about":[{"href":"https:\/\/kenblihair.com\/index.php?rest_route=\/wp\/v2\/types\/product"}],"replies":[{"embeddable":true,"href":"https:\/\/kenblihair.com\/index.php?rest_route=%2Fwp%2Fv2%2Fcomments&post=2829"}],"wp:featuredmedia":[{"embeddable":true,"href":"https:\/\/kenblihair.com\/index.php?rest_route=\/wp\/v2\/media\/10867"}],"wp:attachment":[{"href":"https:\/\/kenblihair.com\/index.php?rest_route=%2Fwp%2Fv2%2Fmedia&parent=2829"}],"wp:term":[{"taxonomy":"product_cat","embeddable":true,"href":"https:\/\/kenblihair.com\/index.php?rest_route=%2Fwp%2Fv2%2Fproduct_cat&post=2829"},{"taxonomy":"product_tag","embeddable":true,"href":"https:\/\/kenblihair.com\/index.php?rest_route=%2Fwp%2Fv2%2Fproduct_tag&post=2829"}],"curies":[{"name":"wp","href":"https:\/\/api.w.org\/{rel}","templated":true}]}}