{"id":5343,"date":"2021-12-18T02:05:19","date_gmt":"2021-12-18T01:05:35","guid":{"rendered":"https:\/\/elsihair.com\/?product=glatte-schwarze-peruecke-mit-pony-100-reines-echthaar"},"modified":"2021-12-28T23:34:22","modified_gmt":"2021-12-28T22:34:22","slug":"schwarze-glatte-perucke-mit-pony-100-jungfrau-echthaar","status":"publish","type":"product","link":"https:\/\/kenblihair.com\/?product=schwarze-glatte-perucke-mit-pony-100-jungfrau-echthaar","title":{"rendered":"Glatte schwarze Per\u00fccke mit Pony 100% reines Echthaar"},"content":{"rendered":"<p>Glatte schwarze Per\u00fccke mit Pony 100% reines Echthaar<\/p>\n","protected":false},"excerpt":{"rendered":"<p>Glatte schwarze Per\u00fccke mit Pony 100% reines Echthaar<\/p>\n","protected":false},"featured_media":10340,"comment_status":"open","ping_status":"closed","template":"","meta":{"spay_email":""},"product_cat":[184],"product_tag":[384],"class_list":{"0":"post-5343","1":"product","2":"type-product","3":"status-publish","4":"has-post-thumbnail","6":"product_cat-perucken","7":"product_tag-mit-pony","8":"latest_post","10":"first","11":"instock","12":"sale","13":"taxable","14":"shipping-taxable","15":"purchasable","16":"product-type-variable","17":"has-default-attributes"},"jetpack-related-posts":[{"id":7486,"url":"https:\/\/kenblihair.com\/?product=schwarze-bob-perucke-glatte-perucke-mit-pony-100-jungfrau-echthaar","url_meta":{"origin":5343,"position":0},"title":"Schwarze Bob Per\u00fccke Glatte Per\u00fccke mit Pony 100% reines Echthaar","date":"18 December 2021","format":false,"excerpt":"Schwarze Bob Per\u00fccke Glatte Per\u00fccke mit Pony 100% reines Echthaar","rel":"","context":"Similar post","img":{"alt_text":"","src":"https:\/\/i1.wp.com\/kenblihair.com\/wp-content\/uploads\/2021\/12\/SWIPE-UP-1.-Perruque-Noire-Bob-Wig-Lisse-avec-Frange-100-Virgin-Human-Hair.jpeg?fit=978%2C978&ssl=1&resize=350%2C200","width":350,"height":200},"classes":[]},{"id":12166,"url":"https:\/\/kenblihair.com\/?product=straight-bob-perucke-blond-613-perucke-mit-pony-100-virgin-echthaar","url_meta":{"origin":5343,"position":1},"title":"Glatte Bob Per\u00fccke Blonde 613 Per\u00fccke mit Pony 100% reines Echthaar","date":"11 January 2022","format":false,"excerpt":"Glatte Bob Per\u00fccke Blonde 613 Per\u00fccke mit Pony 100% reines Echthaar","rel":"","context":"Similar post","img":{"alt_text":"","src":"https:\/\/i2.wp.com\/kenblihair.com\/wp-content\/uploads\/2022\/01\/Perruque-Lisse-Bob-Wig-Blond-613-avec-Frange-100-Virgin-Human-Hair1.jpeg?fit=1024%2C1019&ssl=1&resize=350%2C200","width":350,"height":200},"classes":[]},{"id":3816,"url":"https:\/\/kenblihair.com\/?product=schwarze-wasserwelle-perucke-mit-pony-100-jungfrau-menschenhaar","url_meta":{"origin":5343,"position":2},"title":"Schwarze Wasserwellenper\u00fccke mit Pony 100% reines Echthaar","date":"15 December 2021","format":false,"excerpt":"Schwarze Wasserwellenper\u00fccke mit Pony 100% reines Echthaar","rel":"","context":"Similar post","img":{"alt_text":"","src":"https:\/\/i2.wp.com\/kenblihair.com\/wp-content\/uploads\/2021\/12\/SWIPE-UP-1.-Perruque-Bob-Wig-Water-Wave-Noire-avec-Frange-100-Virgin-Human-Hair.jpeg?fit=991%2C981&ssl=1&resize=350%2C200","width":350,"height":200},"classes":[]},{"id":5256,"url":"https:\/\/kenblihair.com\/?product=schwarz-glatte-perucke-mit-verschluss-hd-5x5-100-jungfrau-echthaar","url_meta":{"origin":5343,"position":3},"title":"Glatte schwarze Per\u00fccke mit HD 5&#215;5 Verschluss 100 % reines Echthaar","date":"17 December 2021","format":false,"excerpt":"Glatte schwarze Per\u00fccke mit HD 5x5 Verschluss 100 % reines Echthaar","rel":"","context":"Similar post","img":{"alt_text":"","src":"https:\/\/i0.wp.com\/kenblihair.com\/wp-content\/uploads\/2021\/12\/SWIPE-UP-1-Perruque-Noire-Lisse-avec-Closure-HD-5\u00d75-100-Virgin-Human-Hair.jpeg?fit=768%2C768&ssl=1&resize=350%2C200","width":350,"height":200},"classes":[]},{"id":5247,"url":"https:\/\/kenblihair.com\/?product=schwarz-glatte-perucke-mit-spitze-frontal-hd-13x4-100-jungfrau-echthaar","url_meta":{"origin":5343,"position":4},"title":"Glatte schwarze Per\u00fccke mit Spitzenfront HD 13&#215;4 100% reines Echthaar","date":"17 December 2021","format":false,"excerpt":"Glatte schwarze Per\u00fccke mit Spitzenfront HD 13x4 100% reines Echthaar","rel":"","context":"Similar post","img":{"alt_text":"","src":"https:\/\/i0.wp.com\/kenblihair.com\/wp-content\/uploads\/2021\/12\/SWIPE-UP-2-Perruque-Noire-Lisse-avec-Lace-Frontal-13\u00d74-100-Virgin-Human-Hair.jpeg?fit=1012%2C1012&ssl=1&resize=350%2C200","width":350,"height":200},"classes":[]},{"id":3019,"url":"https:\/\/kenblihair.com\/?product=4x4-glatt-schwarz-perucke-mit-verschluss-virgin-echthaar","url_meta":{"origin":5343,"position":5},"title":"SCHWARZ GLATT 4&#215;4 PER\u00dcCKE MIT VERSCHLUSS Reines Echthaar","date":"9 December 2021","format":false,"excerpt":"SCHWARZ GLATT 4x4 PER\u00dcCKE MIT VERSCHLUSS Reines Echthaar","rel":"","context":"Similar post","img":{"alt_text":"","src":"https:\/\/i1.wp.com\/kenblihair.com\/wp-content\/uploads\/2021\/12\/PERRUQUE-NOIRE-LISSE-AVEC-CLOSURE-4\u00d74-100-Virgin-Human-Hair1.jpeg?fit=768%2C768&ssl=1&resize=350%2C200","width":350,"height":200},"classes":[]}],"_links":{"self":[{"href":"https:\/\/kenblihair.com\/index.php?rest_route=\/wp\/v2\/product\/5343","targetHints":{"allow":["GET"]}}],"collection":[{"href":"https:\/\/kenblihair.com\/index.php?rest_route=\/wp\/v2\/product"}],"about":[{"href":"https:\/\/kenblihair.com\/index.php?rest_route=\/wp\/v2\/types\/product"}],"replies":[{"embeddable":true,"href":"https:\/\/kenblihair.com\/index.php?rest_route=%2Fwp%2Fv2%2Fcomments&post=5343"}],"wp:featuredmedia":[{"embeddable":true,"href":"https:\/\/kenblihair.com\/index.php?rest_route=\/wp\/v2\/media\/10340"}],"wp:attachment":[{"href":"https:\/\/kenblihair.com\/index.php?rest_route=%2Fwp%2Fv2%2Fmedia&parent=5343"}],"wp:term":[{"taxonomy":"product_cat","embeddable":true,"href":"https:\/\/kenblihair.com\/index.php?rest_route=%2Fwp%2Fv2%2Fproduct_cat&post=5343"},{"taxonomy":"product_tag","embeddable":true,"href":"https:\/\/kenblihair.com\/index.php?rest_route=%2Fwp%2Fv2%2Fproduct_tag&post=5343"}],"curies":[{"name":"wp","href":"https:\/\/api.w.org\/{rel}","templated":true}]}}