{"id":5349,"date":"2021-12-18T03:44:51","date_gmt":"2021-12-18T02:45:08","guid":{"rendered":"https:\/\/elsihair.com\/?product=highlight-water-wave-peruecke-mit-hd-5x5-verschluss-100-reines-echthaar"},"modified":"2021-12-31T01:59:10","modified_gmt":"2021-12-31T00:59:10","slug":"perucke-highlight-wasserwelle-mit-verschluss-hd-5x5-100-jungfrau-echthaar","status":"publish","type":"product","link":"https:\/\/kenblihair.com\/?product=perucke-highlight-wasserwelle-mit-verschluss-hd-5x5-100-jungfrau-echthaar","title":{"rendered":"Highlight Water Wave Per\u00fccke mit HD 5&#215;5 Verschluss 100 % reines Echthaar"},"content":{"rendered":"<p>Highlight Water Wave Per\u00fccke mit HD 5&#215;5 Verschluss 100 % reines Echthaar<\/p>\n","protected":false},"excerpt":{"rendered":"<p>Highlight Water Wave Per\u00fccke mit HD 5&#215;5 Verschluss 100 % reines Echthaar<\/p>\n","protected":false},"featured_media":10108,"comment_status":"open","ping_status":"closed","template":"","meta":{"spay_email":""},"product_cat":[184],"product_tag":[260],"class_list":{"0":"post-5349","1":"product","2":"type-product","3":"status-publish","4":"has-post-thumbnail","6":"product_cat-perucken","7":"product_tag-5x5-perucke","8":"latest_post","10":"first","11":"instock","12":"taxable","13":"shipping-taxable","14":"purchasable","15":"product-type-variable","16":"has-default-attributes"},"jetpack-related-posts":[{"id":4003,"url":"https:\/\/kenblihair.com\/?product=schwarz-wasserwelle-bob-perucke-mit-verschluss-hd-5x5-100-jungfrau-echthaar","url_meta":{"origin":5349,"position":0},"title":"Bob Per\u00fccke Water Wave Schwarze Per\u00fccke mit Verschluss HD 5&#215;5 100% reines Echthaar","date":"16 December 2021","format":false,"excerpt":"Bob Per\u00fccke Water Wave Schwarze Per\u00fccke mit Verschluss HD 5x5 100% reines Echthaar","rel":"","context":"Similar post","img":{"alt_text":"","src":"https:\/\/i2.wp.com\/kenblihair.com\/wp-content\/uploads\/2021\/12\/SWIPE-UP-1.-Perruque-Bob-Wig-Water-Wave-Noire-avec-Closure-HD-5\u00d75-100-Virgin-Human-Hair.jpeg?fit=1004%2C1004&ssl=1&resize=350%2C200","width":350,"height":200},"classes":[]},{"id":6907,"url":"https:\/\/kenblihair.com\/?product=bob-perucke-body-wave-schwarz-perucke-mit-verschluss-hd-5x5-100-virgin-echthaar","url_meta":{"origin":5349,"position":1},"title":"Bob Per\u00fccke Body Wave Schwarze Per\u00fccke mit HD 5&#215;5 Verschluss 100% reines Echthaar","date":"19 December 2021","format":false,"excerpt":"Bob Per\u00fccke Body Wave Schwarze Per\u00fccke mit HD 5x5 Verschluss 100% reines Echthaar","rel":"","context":"Similar post","img":{"alt_text":"","src":"https:\/\/i0.wp.com\/kenblihair.com\/wp-content\/uploads\/2021\/12\/SWIPE-UP-2-Perruque-Body-Wave-Noire-avec-Closure-HD-5\u00d75-100-Virgin-Human-Hair.jpeg?fit=1012%2C1012&ssl=1&resize=350%2C200","width":350,"height":200},"classes":[]},{"id":7088,"url":"https:\/\/kenblihair.com\/?product=bob-perucke-deep-wave-schwarz-perucke-mit-verschluss-hd-5x5-100-virgin-echthaar","url_meta":{"origin":5349,"position":2},"title":"Bob Per\u00fccke Deep Wave Schwarze Per\u00fccke mit HD-Verschluss 5&#215;5 100% reines Echthaar","date":"18 December 2021","format":false,"excerpt":"Bob Per\u00fccke Deep Wave Schwarze Per\u00fccke mit HD-Verschluss 5x5 100% reines Echthaar","rel":"","context":"Similar post","img":{"alt_text":"","src":"https:\/\/i0.wp.com\/kenblihair.com\/wp-content\/uploads\/2021\/12\/SWIPE-UP-1.-Perruque-Deep-Wave-Noire-avec-Closure-HD-5\u00d75-100-Virgin-Human-Hair.jpeg?fit=1024%2C1017&ssl=1&resize=350%2C200","width":350,"height":200},"classes":[]},{"id":5382,"url":"https:\/\/kenblihair.com\/?product=schwarz-wasserwellen-perucke-mit-verschluss-hd-5x5-100-jungfrau-echthaar","url_meta":{"origin":5349,"position":3},"title":"Schwarze Wasserwellenper\u00fccke mit HD 5&#215;5 Verschluss 100 % reines Echthaar","date":"18 December 2021","format":false,"excerpt":"Schwarze Wasserwellenper\u00fccke mit HD 5x5 Verschluss 100 % reines Echthaar","rel":"","context":"Similar post","img":{"alt_text":"","src":"https:\/\/i1.wp.com\/kenblihair.com\/wp-content\/uploads\/2021\/12\/SWIPE-UP-1-Perruque-Noire-Water-Wave-avec-Closure-HD-5\u00d75-100-Virgin-Human-Hair.jpeg?fit=979%2C979&ssl=1&resize=350%2C200","width":350,"height":200},"classes":[]},{"id":5393,"url":"https:\/\/kenblihair.com\/?product=glatte-blonde-perucke-mit-verschluss-hd-5x5-100-jungfrau-echthaar","url_meta":{"origin":5349,"position":4},"title":"Glatte blonde Per\u00fccke mit HD 5&#215;5 Verschluss 100 % reines Echthaar","date":"18 December 2021","format":false,"excerpt":"Glatte blonde Per\u00fccke mit HD 5x5 Verschluss 100 % reines Echthaar","rel":"","context":"Similar post","img":{"alt_text":"","src":"https:\/\/i1.wp.com\/kenblihair.com\/wp-content\/uploads\/2021\/12\/SWIPE-UP-1.-Perruque-Blond-613-Lisse-avec-Closure-HD-5\u00d75-100-Virgin-Human-Hair.jpeg?fit=1010%2C1010&ssl=1&resize=350%2C200","width":350,"height":200},"classes":[]},{"id":5256,"url":"https:\/\/kenblihair.com\/?product=schwarz-glatte-perucke-mit-verschluss-hd-5x5-100-jungfrau-echthaar","url_meta":{"origin":5349,"position":5},"title":"Glatte schwarze Per\u00fccke mit HD 5&#215;5 Verschluss 100 % reines Echthaar","date":"17 December 2021","format":false,"excerpt":"Glatte schwarze Per\u00fccke mit HD 5x5 Verschluss 100 % reines Echthaar","rel":"","context":"Similar post","img":{"alt_text":"","src":"https:\/\/i0.wp.com\/kenblihair.com\/wp-content\/uploads\/2021\/12\/SWIPE-UP-1-Perruque-Noire-Lisse-avec-Closure-HD-5\u00d75-100-Virgin-Human-Hair.jpeg?fit=768%2C768&ssl=1&resize=350%2C200","width":350,"height":200},"classes":[]}],"_links":{"self":[{"href":"https:\/\/kenblihair.com\/index.php?rest_route=\/wp\/v2\/product\/5349","targetHints":{"allow":["GET"]}}],"collection":[{"href":"https:\/\/kenblihair.com\/index.php?rest_route=\/wp\/v2\/product"}],"about":[{"href":"https:\/\/kenblihair.com\/index.php?rest_route=\/wp\/v2\/types\/product"}],"replies":[{"embeddable":true,"href":"https:\/\/kenblihair.com\/index.php?rest_route=%2Fwp%2Fv2%2Fcomments&post=5349"}],"wp:featuredmedia":[{"embeddable":true,"href":"https:\/\/kenblihair.com\/index.php?rest_route=\/wp\/v2\/media\/10108"}],"wp:attachment":[{"href":"https:\/\/kenblihair.com\/index.php?rest_route=%2Fwp%2Fv2%2Fmedia&parent=5349"}],"wp:term":[{"taxonomy":"product_cat","embeddable":true,"href":"https:\/\/kenblihair.com\/index.php?rest_route=%2Fwp%2Fv2%2Fproduct_cat&post=5349"},{"taxonomy":"product_tag","embeddable":true,"href":"https:\/\/kenblihair.com\/index.php?rest_route=%2Fwp%2Fv2%2Fproduct_tag&post=5349"}],"curies":[{"name":"wp","href":"https:\/\/api.w.org\/{rel}","templated":true}]}}