{"id":939,"date":"2021-12-05T22:23:25","date_gmt":"2021-12-05T21:23:25","guid":{"rendered":"https:\/\/elsihair.com\/?post_type=product&#038;p=939"},"modified":"2022-01-04T23:38:00","modified_gmt":"2022-01-04T22:38:00","slug":"fer-a-friser","status":"publish","type":"product","link":"https:\/\/kenblihair.com\/?product=fer-a-friser","title":{"rendered":"Fer \u00e0 Friser"},"content":{"rendered":"<p>FER A FRISER<\/p>\n","protected":false},"excerpt":{"rendered":"<p>FER A FRISER<\/p>\n<p>Couleur: Gold<\/p>\n","protected":false},"featured_media":10886,"comment_status":"open","ping_status":"closed","template":"","meta":{"spay_email":""},"product_cat":[20],"product_tag":[],"class_list":{"0":"post-939","1":"product","2":"type-product","3":"status-publish","4":"has-post-thumbnail","6":"product_cat-accessoires","7":"latest_post","9":"first","10":"instock","11":"taxable","12":"shipping-taxable","13":"purchasable","14":"product-type-simple"},"jetpack-related-posts":[{"id":937,"url":"https:\/\/kenblihair.com\/?product=redresseur-de-cheveux-en-ceramique","url_meta":{"origin":939,"position":0},"title":"Fer \u00e0 lisser \u00e0 la vapeur","date":"5 December 2021","format":false,"excerpt":"Fer \u00e0 lisser \u00e0 la vapeur","rel":"","context":"Similar post","img":{"alt_text":"","src":"https:\/\/i2.wp.com\/kenblihair.com\/wp-content\/uploads\/2021\/12\/SWIPE-UP3.-Fer-a-lisser-a-la-vapeur.jpeg?fit=1024%2C1005&ssl=1&resize=350%2C200","width":350,"height":200},"classes":[]},{"id":536,"url":"https:\/\/kenblihair.com\/?product=brosse-a-cheveux","url_meta":{"origin":939,"position":1},"title":"Brosse \u00e0 Cheveux","date":"29 November 2021","format":false,"excerpt":"COULEURE:\u00a0 Noire","rel":"","context":"Similar post","img":{"alt_text":"","src":"https:\/\/i0.wp.com\/kenblihair.com\/wp-content\/uploads\/2021\/11\/Brosse-a-Cheveux.jpeg?fit=661%2C660&ssl=1&resize=350%2C200","width":350,"height":200},"classes":[]},{"id":544,"url":"https:\/\/kenblihair.com\/?product=peigne-chauffant","url_meta":{"origin":939,"position":2},"title":"Peigne chauffant","date":"29 November 2021","format":false,"excerpt":"COULEURES: Noire\/Or Noire","rel":"","context":"Similar post","img":{"alt_text":"","src":"https:\/\/i0.wp.com\/kenblihair.com\/wp-content\/uploads\/2021\/11\/SWIPE-UP-1.-Peigne-chauffant.jpeg?fit=1024%2C1016&ssl=1&resize=350%2C200","width":350,"height":200},"classes":[]},{"id":941,"url":"https:\/\/kenblihair.com\/?product=brosse-electrique","url_meta":{"origin":939,"position":3},"title":"Brosse \u00e0 cheveux \u00e9lectrique","date":"5 December 2021","format":false,"excerpt":"COULEUR:\u00a0 Rose","rel":"","context":"Similar post","img":{"alt_text":"","src":"https:\/\/i2.wp.com\/kenblihair.com\/wp-content\/uploads\/2021\/12\/SWIPE-UP-1.-Brosse-a-cheveux-electrique.jpeg?fit=1024%2C979&ssl=1&resize=350%2C200","width":350,"height":200},"classes":[]},{"id":934,"url":"https:\/\/kenblihair.com\/?product=peigne-a-queue","url_meta":{"origin":939,"position":4},"title":"Peigne \u00e0 Queue","date":"5 December 2021","format":false,"excerpt":"PEIGNE A QUEUE COULEURS: Noire Rose Vert","rel":"","context":"Similar post","img":{"alt_text":"","src":"https:\/\/i0.wp.com\/kenblihair.com\/wp-content\/uploads\/2021\/12\/SWIPE-UP-1.-Peigne-a-Queue.jpeg?fit=1024%2C999&ssl=1&resize=350%2C200","width":350,"height":200},"classes":[]},{"id":540,"url":"https:\/\/kenblihair.com\/?product=gros-peigne-a-dent","url_meta":{"origin":939,"position":5},"title":"Gros Peigne \u00e0 Dent","date":"29 November 2021","format":false,"excerpt":"GROS PEIGNE A DENT COULEURS: Noire Bleu Orange","rel":"","context":"Similar post","img":{"alt_text":"","src":"https:\/\/i0.wp.com\/kenblihair.com\/wp-content\/uploads\/2021\/11\/Gros-Peigne-a-Dent.jpeg?fit=1024%2C977&ssl=1&resize=350%2C200","width":350,"height":200},"classes":[]}],"_links":{"self":[{"href":"https:\/\/kenblihair.com\/index.php?rest_route=\/wp\/v2\/product\/939","targetHints":{"allow":["GET"]}}],"collection":[{"href":"https:\/\/kenblihair.com\/index.php?rest_route=\/wp\/v2\/product"}],"about":[{"href":"https:\/\/kenblihair.com\/index.php?rest_route=\/wp\/v2\/types\/product"}],"replies":[{"embeddable":true,"href":"https:\/\/kenblihair.com\/index.php?rest_route=%2Fwp%2Fv2%2Fcomments&post=939"}],"wp:featuredmedia":[{"embeddable":true,"href":"https:\/\/kenblihair.com\/index.php?rest_route=\/wp\/v2\/media\/10886"}],"wp:attachment":[{"href":"https:\/\/kenblihair.com\/index.php?rest_route=%2Fwp%2Fv2%2Fmedia&parent=939"}],"wp:term":[{"taxonomy":"product_cat","embeddable":true,"href":"https:\/\/kenblihair.com\/index.php?rest_route=%2Fwp%2Fv2%2Fproduct_cat&post=939"},{"taxonomy":"product_tag","embeddable":true,"href":"https:\/\/kenblihair.com\/index.php?rest_route=%2Fwp%2Fv2%2Fproduct_tag&post=939"}],"curies":[{"name":"wp","href":"https:\/\/api.w.org\/{rel}","templated":true}]}}